et u = f + 6. What is the units digit of u?
0
Let i(n) = 17*n**2 - 14*n + 17. What is the tens digit of i(5)?
7
Let f(n) = 2*n**3 + 19*n**2 + 13*n - 1. Let j(c) = -c**2 - c. Let o(y) = -f(y) - 5*j(y). What is the units digit of o(-7)?
7
Suppose -1926 - 6187 = -7*v. What is the units digit of v?
9
Let o = -202 + 273. What is the units digit of o?
1
Let f(u) = u**3 - 4*u**2 - 18*u + 7. Let r be f(6). Let h = 8 + -3. Let w = h - r. What is the units digit of w?
4
Let d(c) = 841*c - 183. What is the thousands digit of d(2)?
1
Let a = 1834 + 2059. What is the units digit of a?
3
Let b(n) = -2*n**3 - 52*n**2 - 16*n + 45. What is the hundreds digit of b(-26)?
4
Suppose -4*c - 1220 = -3812. What is the units digit of c?
8
Suppose 16 = 4*w, 3*w - 6 - 7 = -q. What is the tens digit of 0 + (q - 0) - (-4 + -62)?
6
Let w = 1991 + -1117. What is the tens digit of w?
7
Let t(n) = n**3 + 3*n**2 + 10*n - 1. Let a be t(-4). Let y = a + 130. What is the units digit of y?
3
Let p be -2*57*(-2 + 1). Suppose -7*d = -6*d - p. What is the tens digit of d?
1
Let u(n) = 12*n**2 - 4*n - 4. Let x = -18 - -14. Let m be u(x). Suppose f + 5*s - 37 - 23 = 0, m = 3*f + 3*s. What is the tens digit of f?
7
Let p(t) = -114*t - 126. What is the hundreds digit of p(-44)?
8
Let w be (-7 - 1857) + 3 + -1. What is the tens digit of (-2)/(-6) - w/57?
3
Suppose -9572*c + 9585*c - 36699 = 0. What is the thousands digit of c?
2
Suppose 9*h = 27*h - 11700. What is the units digit of h?
0
Let w = -1160 + 1673. What is the hundreds digit of w?
5
Suppose 3*k - 5*k + 24 = 0. Let z(m) = m**3 - 9*m**2 - 4*m + 4*m + k*m. What is the tens digit of z(8)?
3
Suppose 3*m = -1 - 2. Let f(g) = 27*g**2 - 4*g - 3. Let r(z) = 80*z**2 - 11*z - 8. Let k(j) = -8*f(j) + 3*r(j). What is the units digit of k(m)?
5
Let a(f) = -2*f**2 + 7*f + 3. Let l(r) = -3*r**2 + 13*r + 5. Let d(h) = 5*a(h) - 3*l(h). Let k be d(-4). Suppose -18 = -k*j - j. What is the units digit of j?
8
Let j(m) = 4*m + 12. Let b be j(-3). Suppose x - 5*x + 5*a + 729 = b, -a = -x + 181. What is the hundreds digit of x?
1
Let l = 249 + -11. Let a = -468 + l. What is the units digit of a/(-15)*6/2?
6
Let t = 63 + -59. What is the units digit of 26/(-6) + t + (-373)/(-3)?
4
Let n(m) = -m**3 + 9*m**2 - 9*m + 4. Let j be 7 + ((-4)/(-2) - 2). What is the tens digit of n(j)?
3
Let w(g) = 2330*g**3 + 9*g**2 - 7*g - 1. What is the thousands digit of w(1)?
2
Let t = -11 + 11. Suppose 0 = 2*o + 3*d - 8*d - 6, t = -3*o + d + 9. Let v(b) = 7*b - 3. What is the tens digit of v(o)?
1
Let v = 29 - 27. Let j(p) = 14*p**2 - 2*p - 1. What is the units digit of j(v)?
1
Suppose 17*d - 11920 = -3*d. What is the tens digit of d?
9
Let d(h) = 3 - h + 2*h - 3*h + h. Let g be d(0). Suppose -k + 3*m = -35, g*m + 176 = 3*k + k. What is the units digit of k?
7
Let l be 2/4 + (82/4 - -3). Suppose -l*r = -22*r - 428. What is the hundreds digit of r?
2
Suppose 0 = 2*l + 5*x + 9, -2*x - 9 = -3*l + 2*l. Suppose l*s - 49 = -16. What is the units digit of s?
1
Suppose -27 = 5*v - 17. Let z(p) = 9*p**2 - 3*p - 2. What is the units digit of z(v)?
0
Suppose 0*b - 3*b + 16 = 2*u, -4*u + 4*b - 8 = 0. Let k = u + 0. Suppose -k*v + v = -10. What is the units digit of v?
0
Let u be -2*-2*5/(-20). What is the units digit of u/(616/(-204) - -3)?
1
Suppose 3*r + 12 = -0. Let z(f) = -f**3 - 3*f**2 + 3*f + 2. Let j be z(r). What is the units digit of -8 + j - (-25 + 1)?
2
Suppose -13 = -5*o - l, 5*o = l - 7 + 24. What is the units digit of (6 - 2) + 82 + o?
9
What is the tens digit of 90/5*2/18*213?
2
What is the hundreds digit of -759*(15/18)/(-5)*4?
5
Let u(q) = 12*q**2 + 2*q. What is the units digit of u(5)?
0
Let z = -1220 + 2127. What is the tens digit of z?
0
Let j = 190 - 74. Let i = -82 + j. What is the units digit of i?
4
Let n(w) = -2 - 1 - 6*w + 4*w. Suppose 11 = -3*s + 4*l - 18, -4*s = -4*l + 32. What is the units digit of n(s)?
3
Suppose -12*u = -26551 + 7915. What is the hundreds digit of u?
5
Suppose 0*h = 2*g - h + 52, 0 = -2*g - 4*h - 32. Let x = 58 + g. What is the units digit of x?
4
Let d = -485 + 680. What is the units digit of d?
5
Suppose 4*u = g + 1676, -u + 213 = -4*g - 206. What is the units digit of u?
9
Let p(i) be the first derivative of -i**3/3 - 5*i**2/2 + 2*i + 1. Let m be p(-5). Suppose m*y = 8 + 24. What is the units digit of y?
6
Suppose 0 = 2*y - 5*o - 2117 - 817, 0 = -5*y + 5*o + 7320. What is the thousands digit of y?
1
Suppose -25*a - 980 = -27*a. What is the units digit of a?
0
Suppose 0 = 16*z - 19*z + 1539. What is the units digit of z?
3
Suppose -1835 = -5*y + 2*o + 540, -2*o = 3*y - 1425. What is the hundreds digit of y?
4
Suppose 29*t = 14035 + 63830. What is the hundreds digit of t?
6
Let a = 458 + -140. What is the units digit of a?
8
Suppose 10*g - 15796 = 2124. What is the tens digit of g?
9
Let x be 77/21 - 1/(-3). Let i be 4/x*3 + -6. What is the units digit of 72/(-16)*8/i?
2
Let g(p) = -p**3 + 4*p**2 + 14*p - 17. Let x be g(6). What is the units digit of (-4 + 6)*116 - x?
7
Let v = -46 + -19. Let x(g) = g - 13. Let u be x(-8). Let n = u - v. What is the tens digit of n?
4
Let r be 2/((-4)/(-1)*(-19)/(-114)). Suppose 3*z = -4*q + 693, 2*z + r*q + q = 466. What is the hundreds digit of z?
2
Suppose 2*g + 231 = 5*o - g, 0 = -2*o - 3*g + 84. What is the tens digit of 1206/o + 1/5?
2
Let b(p) = p**2 - 5*p - 5. Let z be b(4). Let n(j) = -5*j - 4 - 8 + 8 - 8. What is the tens digit of n(z)?
3
Let w(y) = 5*y. Let f be w(1). Let a(c) = 1 - 33*c**2 + 35*c**2 + 3 - 3*c. What is the tens digit of a(f)?
3
Let b be 20/(15/3) - -42. Suppose -4*y = 12, 2*y = -c - 0*y + b. What is the units digit of c?
2
Let m = -1386 + 2210. What is the hundreds digit of m?
8
What is the tens digit of 32715/135 + 1/(-3)?
4
What is the tens digit of (-3066)/(-24)*(-1 - -5)?
1
Let n = 11 + -3. Suppose k - n = -3*k. Suppose 3*j = -v + 17, 2*v + 0*v + k*j = 54. What is the units digit of v?
2
Let v = 678 + -338. Let g = -157 + v. What is the hundreds digit of g?
1
Suppose 5*m - 6*m = -313. What is the tens digit of m?
1
Suppose -5*i - 11 + 36 = 0. Suppose 4*c = i*c - 5. Suppose 2*l - 90 = -5*q + c, l - 2*q = 43. What is the tens digit of l?
4
Suppose 73*s = 70*s + 27. Let j = s + 74. What is the tens digit of j?
8
Let b = -7 - -7. Suppose v + 0*v - 1 = b. What is the units digit of (-1)/(v/(-17)*1)?
7
Let x(g) be the first derivative of -g**4/4 - 3*g**3 - 11*g**2/2 - 4*g + 7. Suppose 5*l - r + 43 = 2*r, -31 = 4*l + r. What is the tens digit of x(l)?
2
Let x = 28 - 54. Let c = x + 47. What is the tens digit of c?
2
Suppose 2*v = v + t + 18, 0 = -v + 2*t + 17. Let k = v - -6. What is the units digit of k?
5
Suppose 0 = 2*b + 2 - 26. Suppose 52 = -b*t + 16*t. What is the tens digit of t?
1
Let p be (4/6)/((-3)/(-486)). Let s = p - 55. What is the units digit of s?
3
Suppose -4*h = -h - 5*y - 529, 931 = 5*h + 4*y. What is the hundreds digit of h?
1
Let s(a) = -39*a - 133. What is the units digit of s(-13)?
4
Let o be 12*1/(0 + 2). What is the tens digit of 3 + 100/(o + -2)?
2
Suppose -5*a = -3 - 12. Suppose a*g + 5*v - v = -6, 5*g + v - 7 = 0. Suppose -4*j + 118 = 3*p + 18, g*p = 5*j - 148. What is the units digit of j?
8
Let a be (-4)/(-2)*4695/(-30). Let k = a - -652. What is the tens digit of k?
3
Suppose c - 36 = 3*c. What is the hundreds digit of c/(-27) + (-908)/(-6)?
1
Suppose -1617 - 168 = -3*w. What is the tens digit of w?
9
Suppose -p - 2*f + 7*f + 20 = 0, -80 = -2*p + 2*f. Suppose p = 16*y - 13*y. What is the units digit of y?
5
Let m(x) = 4*x + 22. Let c be m(-4). Suppose 14*p - 152 = c*p. What is the tens digit of p?
1
Suppose o - 559 = a, 0*a + 5*a - 2227 = -4*o. What is the hundreds digit of o?
5
Let d = 16 + -14. Suppose -d*f = -5*s + 25, 4*f - 15 = -3*s - 0*s. Suppose -i + 4*i - 23 = -4*v, -i = s*v - 26. What is the units digit of v?
5
Suppose -4*t + 3*t + 3*v - 9 = 0, 5*t - 3*v - 3 = 0. Suppose -5*a + 2 = -t. What is the units digit of (0 - -1)*(a - -4)?
5
Let l(k) = 197*k + 53. What is the thousands digit of l(5)?
1
Let g(r) = 2*r**2 - 19*r - 2. Let l be g(11). Suppose -3*x + 86 = 4*n, -2*x - 5 = 5*n - 109. Let i = l - n. What is the units digit of i?
1
Let g(l) = 2*l**2 + 4*l - 1. Let u be g(-3). Suppose 9 = u*o - 1, 2*o = 5*p - 31. Let t(d) = -d**3 + 8*